) = 2*i(p) + 7*o(p). What is j(l)?
-6
Let z(b) = 3*b + 15 + 0*b - 8 - b. Suppose -h = -2 - 8. Let t be 160/(-25) - (-4)/h. Calculate z(t).
-5
Suppose -4*i - 6*a + 2*a - 28 = 0, 4 = -i + 2*a. Let h(j) = -5*j - 6. Let s(p) = p + 1. Let d(z) = h(z) + 6*s(z). Calculate d(i).
-6
Suppose 9*q = 13*q + 12. Let t be -2 - (-1)/(1/4). Let l(c) = t - 3 - c - 4. What is l(q)?
-2
Let v(d) = 7*d - 7*d - 1 + d + d**3. Give v(2).
9
Let j(w) = 6*w**2 - 5*w + 3. Let o(f) = -7*f**2 + 5*f - 4. Let q(u) = 6*j(u) + 5*o(u). Suppose 13 = 2*s + 5*b - 7, -2*s - 2*b + 14 = 0. Give q(s).
-2
Let j(u) be the first derivative of -u**3/3 + 3*u**2/2 + 1. Determine j(4).
-4
Let b = -1 + 2. Let r(f) = -6*f**3 + 1. Calculate r(b).
-5
Let z(s) = s**2 - s - 3. Let b be z(7). Let u(r) = 40*r**2 + 2*r - b*r**2 - r - 6. Determine u(0).
-6
Let n(t) = 3*t. Let r be ((-2)/(-4))/((-2)/(-4)). Let p be -3 + r - (0 - 4). Suppose -b - b = p. Determine n(b).
-3
Let a(h) = -h - h**2 - h - h + 3 + h. Give a(-6).
-21
Let a = 17 - 14. Suppose -4*i + 0 = 2*p + 4, -3*i + 15 = -3*p. Let l(h) = i + 2*h**2 - 3 - h**2 + 1. What is l(a)?
8
Let m(t) = -t**3 - 10*t**2 - 15*t + 8. Let o be m(-8). Let l(i) = -i**3 + i**2 - 2. What is l(o)?
-2
Let v(k) = k**3 + 5*k**2 - 3*k - 5. Let m be v(-5). Suppose m = 5*a - b, 2*a - 1 = 3*b + 3. Let p(u) = 2*u**3 - 2*u. What is p(a)?
12
Let l = -7 - -9. Suppose -5*r + 2*w - 22 = 0, -4*r + 0*r - 16 = -l*w. Let t(j) = j**2 + 5*j - 2. Let d be t(r). Let b(h) = h**2 - 6*h - 4. Give b(d).
-12
Let u(d) = -8*d + 6. Suppose 0 = -4*l - 3*q - 0*q - 28, -2*q - 20 = 3*l. Let o(j) = 8*j - 5. Let w(b) = l*u(b) - 5*o(b). Determine w(-1).
9
Let p(q) = q**2 + 7. Suppose 4*s + 5 = 5*s, 4*s = 3*a - 31. Let z = -17 + a. Calculate p(z).
7
Let l(o) = -o. Let x(z) = -2*z**3 - 4*z - 1. Let b(y) = 4*l(y) - x(y). Let j = 6 + -5. Calculate b(j).
3
Let u(i) be the first derivative of -i**3 + i**2/2 - 1. Suppose 1 = -2*b + 5. Suppose x = -b*x + 6. Determine u(x).
-10
Let l(i) be the third derivative of 1/60*i**5 + 0*i + 1/4*i**4 + 2/3*i**3 + 0 + 4*i**2. What is l(-5)?
-1
Let d(w) be the third derivative of -w**6/120 + w**5/12 - w**4/24 + 5*w**3/6 + 11*w**2. Calculate d(5).
0
Suppose 0 = -5*l - 6 - 9. Let p(y) = y - 1. Give p(l).
-4
Let g(c) = -c - 5. Suppose 2 = -2*f + 10. Suppose f*d = -2 + 6. Let r be d + -5 - 1/1. Give g(r).
0
Let g be (-1)/(10/2 + -4). Let v(i) = -9*i**3 - i**2. Give v(g).
8
Let d(k) be the second derivative of -k**5/20 + k**4/2 - k**3/3 + 4*k**2 + 19*k. Give d(6).
-4
Suppose -5*r + 5*d + 25 = 0, -r - 5*d + 13 = 2. Let v(q) be the third derivative of -q**4/12 + 7*q**3/6 - 2*q**2. Give v(r).
-5
Let q(s) = -s**2 - 6*s + 4. Suppose -2*t = -2*a, 3*t - 5*a - 6 = -0*a. Give q(t).
13
Let t(r) = r. Let w(k) = k + 1. Let c(x) = 2*t(x) + w(x). Suppose 5*b = 20, 6*l = 2*l + 5*b - 20. Suppose l = 3*g + s + 2, 2*s + 0 = 8. Determine c(g).
-5
Suppose f = -2*t + 11, f = -3*t + 3*f + 6. Suppose r + 1 - t = 0. Let g = r - -3. Let j(w) = w**2 - 6*w + 3. Calculate j(g).
3
Suppose -3*x + 0*x = -2*c - 24, 4*c = x - 58. Let f = c + 13. Let t(a) = -a**3 - 2*a**2 - 3*a - 3. Determine t(f).
3
Suppose -q + 5 - 3 = 0. Let w(d) = 0*d**3 + 4*d**2 - d**3 - 3*d**2 - d**3 + 3*d - 1. Determine w(q).
-7
Let w(s) = 11*s + 13. Let c(p) = -5*p - 6. Let i(h) = 9*c(h) + 4*w(h). Calculate i(2).
-4
Suppose 0*b = 3*o + 3*b, -3 = b. Suppose -4*f - 5 = -3*f. Let u = o + f. Let m(j) = -2*j**3 - 2*j**2. Calculate m(u).
8
Suppose -4 = -w - 1. Suppose w*y = 5*y - 14. Let d(u) = u**2 - 8*u + 10. Let l be d(y). Let h(x) = x**3 - 2*x**2 - x - 1. Give h(l).
5
Let h(f) = 2*f**2 + f. Let w = 10 - 8. Suppose -o + 2 + w = 0. Suppose 4*t = -0 - o. Determine h(t).
1
Suppose -7*d = 2*d + 4*d. Let a(u) = -u**2 + 3*u - u**3 + 3 + 0*u**3 - 4*u. What is a(d)?
3
Suppose -3*h - h + 20 = 0. Let s(t) = t**2 - 5*t + 2. What is s(h)?
2
Let z(s) = -10*s**2 - 13*s + 18. Let p(l) = 3*l**2 + 4*l - 6. Let j(f) = 7*p(f) + 2*z(f). What is j(-5)?
9
Let r(s) = 5*s - 1. Suppose 4 = -3*x - 14. Let z be (-8)/(-6) + 2/x. Determine r(z).
4
Let a = -21 - -19. Let y(u) = -2*u + 2. Give y(a).
6
Let x(m) = -m**3 + 7*m**2 - 5*m - 1. Let p = -16 - -19. Suppose -3*u = 2*z - 22, 4*u + 5*z - 28 = p*z. What is x(u)?
5
Let a(y) be the third derivative of 1/12*y**4 - 1/2*y**3 + 8*y**2 + 0 + 0*y. Determine a(3).
3
Let u(v) = v**3 - 4*v**2 - 5*v - 6. Let f(q) = -q - 5. Let j be f(-10). Calculate u(j).
-6
Suppose -2*l - 14 = -0*l. Let t(a) = 5. Let h(z) = -z + 6. Let s(i) = 2*h(i) - 3*t(i). Let u(q) = 5*q + 7. Let p(o) = l*s(o) - 3*u(o). What is p(4)?
-4
Suppose 18*j - 24*j - 12 = 0. Let l(s) = -2*s**3 - 3*s**2 + s + 2. What is l(j)?
4
Let z(x) = 2*x - 7. Suppose 0 = -b - t + 9, 47 = 3*b + 2*t - 4*t. Let f = -9 + b. Suppose -f*i + 30 = i. Give z(i).
5
Suppose 5*g - 2 - 13 = 0. Let w(d) = -4*d**3 + 3*d**g - 1 + 5*d**3 + d**3. Calculate w(1).
4
Suppose 0 = u + 1 - 3. Let t(j) = 4 - j**3 + 8*j - 3 - u*j**2 - 4*j + 0. What is t(-3)?
-2
Let a(o) = -3*o**2 + 5*o - 14. Let q(s) = 2*s**2 - 3*s + 7. Let h(w) = -3*a(w) - 5*q(w). Let c = -4 + 4. Determine h(c).
7
Let w(o) be the first derivative of o**3/3 - 4*o - 12. Determine w(4).
12
Let a = -4 - -6. Let q(z) = 0 - 33*z**a - 8 + 32*z**2. Calculate q(0).
-8
Let p(m) be the first derivative of 2*m**3/3 - m**2 - m - 3. Let d be p(-1). Let t(k) = k - 2. Calculate t(d).
1
Let v(s) = 0*s - 6*s + 15 - s + 5*s. Calculate v(10).
-5
Suppose 6*c = 3*c - 15. Let f(v) = -3*v - 7. Give f(c).
8
Let x(w) = w**3 - 6*w**2 + 4*w + 1. Let r(h) = -2*h + 1 - 2*h + 6*h + 2*h**2. Let i be r(-2). Let n be x(i). Let f(d) = d**2 + 6*d + 6. Calculate f(n).
-2
Let d(j) be the second derivative of 0*j**2 + 0 + 1/3*j**3 - 4*j. Give d(5).
10
Let i(w) = -3*w**2 - 4*w - 4 + 4*w**3 - 6*w**3 + w**3 + 0*w**2. Let u be 6/(-57) + 110/(-38). Give i(u).
8
Let l(v) be the second derivative of v**5/10 + v**4/6 + 3*v. Let n(w) = -w**3 - 3*w**2 + 1. Let s(p) = 2*l(p) + 3*n(p). Determine s(5).
3
Let x(u) = 6*u**3 + 2*u**2 - 1. Let i be x(1). Let b = -11 + i. Let q(g) = -g - 5. What is q(b)?
-1
Let q(v) = v**3 + 6*v**2 - 3*v + 3. Suppose 5*d - 9*d - 24 = 0. Give q(d).
21
Suppose -3*x + 11 = -2*x. Suppose 1 - x = 5*z. Let n(q) = 4*q + 3. Determine n(z).
-5
Let n = -11 + 13. Let u be (2/(-3))/((-1)/3). Let h(a) = a + 2*a**u + 0*a - 3*a**n. Determine h(3).
-6
Let k(h) = -5*h + h + h. Suppose -3*v = 2*v - 30. Suppose n - 6 = -5*r, v = r + 5*n - 0*n. Give k(r).
-3
Let y(b) = -b**2 - 8*b - 7. Let m(c) = 2*c**3 + 3*c**2 + 2*c + 1. Let o be m(-2). What is y(o)?
0
Let j(g) = 2*g**2 + 3*g - 1. Let q = 10 + -6. Let p be 3 + -1 - q/2. Suppose -4*z - 5 - 7 = p. Determine j(z).
8
Suppose 3*x + 4*r - 68 = 2*x, -x + 3*r + 33 = 0. Let d be x/(-10) - 3/15. Let h(o) = -o**3 - 4*o**2 + 3*o - 4. Calculate h(d).
6
Let f(c) be the first derivative of -c**4/4 - c**3 - c**2/2 + c + 2. Let t be (-16)/9 + 4/(-18). Let r be f(t). Let a(o) = -o + 1. What is a(r)?
2
Let t(w) be the third derivative of 3*w**5/20 - w**4/24 + 2*w**2. Let s be t(-1). Let a be (s/3)/((-2)/(-3)). Let c(n) = -n**2 + 6*n - 7. Determine c(a).
-2
Let q(g) be the second derivative of g**5/20 - 5*g**4/12 + 2*g**3/3 + 5*g**2/2 + 24*g. Calculate q(4).
5
Let n(c) be the second derivative of c**3/6 + 3*c**2/2 - 3*c. Suppose 0 = -0*s + 2*s. Give n(s).
3
Let m(f) = -3*f + 2. Suppose t + 5 = 4*y, -4*t + 2*y - 9 = -3*y. Let u = t + 3. Determine m(u).
-4
Let v(h) = -h - 6. Suppose 42 = -5*g + 12. Calculate v(g).
0
Let p(c) = -c**2 + 5*c - 5. Let g = -8 + 8. Suppose 5*x + g*x = 25. Determine p(x).
-5
Let h = 39 - -3. Let b be (-18)/(-14) - 12/h. Let n(w) = -8*w - 1. Let j(p) = 25*p + 3. Let y(l) = -2*j(l) - 7*n(l). What is y(b)?
7
Let z(h) be the third derivative of h**4/12 + h**3/2 + 10*h**2. Calculate z(-6).
-9
Let y be (-14)/6 + 10/(-15). Let t(x) = 2*x - 3. Let g(q) = -5*q + 9. Let o(d) = 3*g(d) + 8*t(d). What is o(y)?
0
Let v(j) = 7*j. Let q(p) = -8*p - 1. Let m(x) = -3*q(x) - 4*v(x). What is m(2)?
-5
Let l(h) = -10*h - 3. Let f(d) = 3*d + 1. Let z(b) = 7*f(b) + 2*l(b). Let i(q) = -q. Let r be i(4). Give z(r).
-3
Let v be (15/(-6))/(1/(-2)). Let o be (-2)/(-10) - 21/v. Let u(y) = -3 + 3 + y + 0 - 2. Calculate u(o).
-6
Let r(y) = y**3 + y + 1. Let u(n) = 7*n**3 + 4*n**2 + 7*n + 2. Let g(i) = 6*r(i) - u(i). Calculate g(-3).
-2
Let y(c) = 0